 7, 19
Let p(u) = 4*u**3 + u**2 - u + 1. Let i be p(1). Let n(g) = g**3 - 2*g**2 + 11*g. What are the prime factors of n(i)?
2, 5, 13
Let o(w) = -6*w**2 + 27*w - 10. Let a be o(13). List the prime factors of (a + (-2 - -1))*(-17 + 16).
2, 337
Let o(l) = 15*l - 6. Let c(k) = -k**2 - 6*k - 7. Let q be c(-3). Suppose q*s - 16 + 6 = 0. List the prime factors of o(s).
3, 23
Let b = -705 - -872. Suppose -b*g + 173*g - 1662 = 0. List the prime factors of g.
277
Let t = 2378 + 19460. What are the prime factors of t?
2, 61, 179
Let m = -31 - -33. Suppose -2*t - 2*o + 4*o - m = 0, t + o = 9. Suppose -t*n + 3*s = -446 + 161, -3*n + 216 = -3*s. What are the prime factors of n?
3, 23
Let v(y) = -3*y**3 - 9*y**2 + 13. Let u be v(-6). Suppose -u = -2*s - 5*o, 8*o - 495 = -3*s + 11*o. What are the prime factors of s?
2, 83
Let u(z) = z + 1. Let l(q) = 8*q - 11. Let h(p) = -l(p) + u(p). Suppose -11*s = 6 + 27. List the prime factors of h(s).
3, 11
Let h = -61148 + 103621. List the prime factors of h.
42473
Let d be 6/1 + (10 - 13). Let k(q) = 3*q**3 - q - q - 112*q**2 + 224*q**2 + 7 - 113*q**2. List the prime factors of k(d).
73
Let r be (6 - 0)/(-2) + 7 + -2. Let j be 449*(3 + r/(-1)). Suppose 3*v = 91 + j. List the prime factors of v.
2, 3, 5
Suppose 3*z + 28 = 5*l, 2*l + 0*z - 5 = -5*z. Let v(k) = 16*k**2 - 10*k + 6. List the prime factors of v(l).
2, 89
Suppose 4*d + 4*i = 3 + 13, 0 = -2*d + 4*i - 4. Suppose -d*a + 13*c - 10*c = -1168, -8 = 4*c. What are the prime factors of a?
7, 83
Suppose -786885 + 3386030 = 245*j - 1515630. List the prime factors of j.
5, 3359
Let n be -2 + 223 + -14 + 12. Suppose -579 = -24*x - n. What are the prime factors of x?
3, 5
Let v be 5 + (-54)/6 + 6. Suppose -b - v*b - u = -412, -b + 120 = -4*u. List the prime factors of b.
2, 17
Let l be 4/7 - (-4 - (-487)/7). Let s = l + -21. Let q = -19 - s. List the prime factors of q.
67
Suppose 49*d - 46*d - 4352 = 2*i, d - 4*i = 1464. What are the prime factors of d?
2, 181
Let l(q) = -q**3 + 14*q**2 - 13*q - 3. Let c = 31 - 24. What are the prime factors of l(c)?
3, 83
Suppose g + 115382 = 12*g - 526039. What are the prime factors of g?
3, 11, 19, 31
Let f = -41 - -43. Let s(r) = -r**2 + f*r + 3*r + 5*r - 17. List the prime factors of s(5).
2
List the prime factors of (-399910)/(-12) + (-503)/(-3018).
2, 19, 877
Let s = -10947 + 28737. List the prime factors of s.
2, 3, 5, 593
Let y = 77 - 74. Suppose -3*u + 33 = 5*m + 2992, 2*u - y*m = -1960. What are the prime factors of u/(-6) + 3/18?
2, 41
Suppose -105*z + 12*z = 26*z - 1395394. What are the prime factors of z?
2, 11, 13, 41
Suppose 0 = 8*u - 11*u - 594. Let x = 472 - u. List the prime factors of x.
2, 5, 67
Let r = 19 + -16. Let p be (-24)/r*8/16. List the prime factors of (37/(-2) + -5)*p.
2, 47
Let p = 55 - 36. Suppose p = i - 116. List the prime factors of i.
3, 5
Let w(x) = x**3 - 2*x**3 + 36*x**2 + 9 + 3*x - 41*x**2 - 3. Let n be w(-5). Let r(o) = -o**2 - 20*o + 14. List the prime factors of r(n).
113
Let f(s) = -9*s**2 + 150*s - 68. Let d(p) = 3*p**2 - 50*p + 22. Let w(n) = 7*d(n) + 2*f(n). List the prime factors of w(26).
2, 373
Let g be (5/(-2))/(-5)*(-1 + -5). Let a be (-33)/g - 4/(-2 + 6). Suppose -2*w + 222 = 5*j - 91, 2*j - a = 0. List the prime factors of w.
2, 3
What are the prime factors of 4155604/150 + (-170)/6375?
2, 3463
What are the prime factors of (-336)/(-96)*(0 + 8582)?
7, 613
Suppose -25 - 100 = -5*y. Suppose -2*h = -5*j + y, -2*j + 3*h = -2*h - 10. Suppose -2*u + 278 = -2*q, -2*u = -j*q - 199 - 94. What are the prime factors of u?
2, 67
Let t = 146 + -135. Suppose -5*v = 4*n - 4795, 6*v - 5*n = t*v - 4795. What are the prime factors of v?
7, 137
Let m = 225 + -483. Let a = 617 - m. What are the prime factors of a?
5, 7
Suppose 0 = -3*i - 3*s - 102, 4*s = -i - 30 - 19. Let o = -130 - -114. Let z = o - i. What are the prime factors of z?
13
Suppose 0 = -2*z - 8*z + 242135 + 391355. List the prime factors of z.
11, 13, 443
List the prime factors of (-24)/(-2*3/1218).
2, 3, 7, 29
What are the prime factors of (-2 + (-167136)/10)*(190/76 + -5)?
11, 29, 131
Suppose 0 = k - 1, 0*r - 4*k + 84 = r. Suppose 0 = -5*g + r + 5. Suppose 5*m = z + 66 - g, 4*z = -4*m + 44. What are the prime factors of m?
2, 5
Let x = -98 - -97. List the prime factors of (x - -2)/((-31549)/(-10514) - 3).
2, 751
Suppose 4*o - 2*v = -122, v + 58 = -2*o + 5*v. Let t(p) = 2*p**2 - p + 23. Let q be t(5). Let s = q + o. List the prime factors of s.
37
Let n(s) = 5*s**2 - 8 + 10*s**2 + s**3 + 16 - 14*s - 2*s**2. List the prime factors of n(-13).
2, 5, 19
Suppose 100 = -8*g + 3*g. Let i be (g/(-8) + -2)/(2/16). Suppose 0 = i*u - 11*u + 518. What are the prime factors of u?
2, 37
Suppose -153*q + 1437396 + 2428358 - 1082990 = 0. List the prime factors of q.
2, 4547
Suppose 8*p - 15 = 9*p + 5*i, 5*p + 3*i = 13. Suppose 5*v + 4*h - 2082 = 0, v - p*v = -5*h - 1682. What are the prime factors of v?
2, 11, 19
Suppose -44552 - 30404 = -4*q - 4*m, m - 6 = 0. List the prime factors of q.
11, 13, 131
Suppose -2*x + 40 = 6*x. Let m = -2 - -8. Suppose 2*b + 409 = x*y, 0 = 2*y - m*y + 5*b + 317. List the prime factors of y.
83
Let i be ((-6)/7)/((-6)/28). Suppose 0 = i*u + 4*n - 848, -2*u - 5*n + 433 = -6*n. List the prime factors of u.
5, 43
Let a = 24 - 23. What are the prime factors of (6 + -8)*-598*a?
2, 13, 23
Let c be 2140624/(-56) - 12/21. What are the prime factors of 2/(-13) - c/39?
2, 5, 7
Suppose 4*g = 5*z + 21, -5 = -3*z + 8*z. Suppose -53 = -n - q + 174, -g*q = 4. What are the prime factors of n?
2, 3, 19
Suppose -10*y = 5*y - 148830. Suppose -18*s - 4*s = -y. List the prime factors of s.
11, 41
Suppose 12783 = 6*t - 6711. Suppose -2*s = -5*s + t. Suppose -9*a + s = -726. What are the prime factors of a?
3, 67
Let g = 184 + -180. Suppose g*o + 862 = 2570. What are the prime factors of o?
7, 61
Let x(s) = -s**3 + 5*s**2 - 7*s + 30. Let m be x(4). What are the prime factors of (4365/m)/(4*(-1)/(-8))?
5, 97
Let y(v) = 991 - 34*v + 126 + 115. What are the prime factors of y(0)?
2, 7, 11
Let q = 175 + -172. What are the prime factors of 1*q/((-18)/(-2922))?
487
Suppose 13*i + 56 = -61. List the prime factors of (-1 - -2) + 3 - (-6 + i).
19
Let o = -7590 - -14535. List the prime factors of o.
3, 5, 463
Suppose 0 = q + 7, -3*q + 26212 = 5*u - 29432. What are the prime factors of u?
3, 1237
Suppose -97 = -11*i - 20. Suppose 0 = 5*q + 3*k - 2915, -i*k - 583 = -q - 6*k. List the prime factors of q.
11, 53
Suppose -3*t + 228817 = 5*s + 60614, 0 = -2*s + 2*t + 67262. List the prime factors of s.
33637
Suppose -20*w - 18063 = 7*w. Let u = 1466 + w. List the prime factors of u.
797
Let m = -19 - -234. Suppose 3*i = 5*j - 36 + 352, -4*i - j = -429. Let o = m - i. What are the prime factors of o?
2, 3
Let i = 29311 - 8757. List the prime factors of i.
2, 43, 239
Suppose 18*a + 48 = z + 20*a, -61 = -2*z + 3*a. Suppose -240 = -2*d - z. List the prime factors of d.
101
What are the prime factors of 112/(-40)*(-4 - (-228)/(-8))?
7, 13
Let u be -25*(3 - 64/20) - 2. Suppose 5*j = -4*h + 616, u*j = -3*h - 114 + 573. List the prime factors of h.
149
Suppose 0 = w - 5*w + 564. Suppose 125 = 5*f - 5*b, -29 = 4*f + 2*b - w. Suppose f = -7*d + 8*d. List the prime factors of d.
3
Let g(j) = -j**3 - 7*j**2 - 9*j - 15. Let b be g(-6). Suppose -64 = -4*q - b*l, 6*q + 4*l - 80 = q. Suppose 36 - q = 5*c. List the prime factors of c.
2
Let k be 814/(-6) - ((-32)/(-6) - 6). Let r = k + 235. Suppose v - r = 3*z, v + z - 109 + 21 = 0. What are the prime factors of v?
7, 13
Suppose 373*n - 5695590 = 3945714. What are the prime factors of n?
2, 3, 359
Let h(o) = -3*o**2 + 9*o. Let u be h(3). Suppose -2*p = 4*m + 120, 0 = -u*p + 4*p + 5*m + 237. Let f = -53 - p. List the prime factors of f.
5
Suppose 2*b + 2310 = 12*b. Let f = b - 110. List the prime factors of f.
11
What are the prime factors of (8240 + -1)*(-716)/(-2506)?
2, 11, 107
Let z = -524 - -489. List the prime factors of 1/(4/24)*z/(-14).
3, 5
Let r(v) = 92*v - 1244. List the prime factors of r(57).
2, 5
Let v = -3082 + 14941. List the prime factors of v.
3, 59, 67
Suppose 5*z - 8*z = 11*z. Suppose z = h + 28 - 113. Let g = -18 + h. List the prime factors of g.
67
Let x = 38 - 33. Let p(f) be the third derivative of f*